re the prime factors of n?
2, 17
Let x = 9758 + -4942. Let k = -3351 + x. List the prime factors of k.
5, 293
Let x(w) = 4*w**3 - 132*w**2 + 19*w - 44. What are the prime factors of x(34)?
2, 3, 13, 67
List the prime factors of (1 - 5) + 17 - -15539.
2, 3
Suppose 121618 = 2*b + y, -21*y = -b - 26*y + 60845. List the prime factors of b.
5, 12161
Let q = -2838 + 3448. What are the prime factors of q?
2, 5, 61
Let q = 60 - 90. What are the prime factors of ((-5456)/(-20))/((-12)/q)?
2, 11, 31
Suppose 3*l = g - 680, -5*g - 86*l + 91*l + 3390 = 0. List the prime factors of g.
677
Let n(o) = 5*o**2 + 3*o - 7. Let h be n(-3). Let q = h - 25. Suppose q*b - 100 = -3*f, 3*f = -0*f + b + 110. What are the prime factors of f?
2, 3
Let m(j) = -85*j + 46. Let w(g) = 17*g - 9. Let a(q) = -2*m(q) - 11*w(q). Let h be a(1). List the prime factors of (0 - 44/h)*35.
2, 7, 11
Suppose -31 = -6*i - 13. Let m be 2/2 - (-5 + -18 + i). Suppose 0 = m*k - k - 4880. List the prime factors of k.
2, 61
Suppose 0 = 28*a - 304237 - 130659. What are the prime factors of a?
2, 11, 353
Let k(d) = 25*d + 25. Let n be k(13). Suppose -3*w + 139 = -n. What are the prime factors of w?
163
Suppose 4*i - 2*w - 14534 = 0, -23*w + 4 = -19*w. What are the prime factors of i?
2, 23, 79
Suppose 6*z - 320 = 1222. Suppose 0 = 2*x + 213 + 61. Let p = x + z. List the prime factors of p.
2, 3, 5
Let w(i) = -6*i - 8. Let d(c) = 4*c + 5. Let g(s) = -7*d(s) - 5*w(s). Let l be g(-7). Let p(q) = -10*q + 18. List the prime factors of p(l).
2, 3
Let k(s) = -4391*s - 205. Let b be k(-5). Suppose -b = -30*t + t. List the prime factors of t.
2, 3, 5
Let a(q) = -2*q + 14. Suppose 11 = 7*f - 3. Suppose -f*s - 11 = -s. What are the prime factors of a(s)?
2, 3
Let m(z) = -2*z**3 - 58*z**2 - 20*z + 71. List the prime factors of m(-29).
3, 7, 31
What are the prime factors of (159/(-6))/((-4316)/(-720) + -6)?
2, 3, 5, 53
Let x = 430 - -218. Let i = x - 307. What are the prime factors of i?
11, 31
Suppose 0 = 6*n + 3*n - 225. Suppose 0 = 2*s + 5*q - n, 2*s = -4*q + 34 - 14. Suppose h - x = -s*x + 37, 5*h - 173 = -x. What are the prime factors of h?
5, 7
Suppose -11*x = -25*x - 14. Let i(j) = 978*j**2 + j - 1. List the prime factors of i(x).
2, 61
Suppose -5*t + 2*g + 27087 = 0, 2*t = -3*t + 4*g + 27099. List the prime factors of t.
3, 5, 19
Let u = 17 + -12. Suppose -2*t = 4*j - 602, j - u*t - 128 = -t. Suppose -j - 185 = -9*w. List the prime factors of w.
37
Suppose 7*f - 42395 = 28907. List the prime factors of f.
2, 11, 463
Let y be 95/15 + (-1)/3 - 1. Let v(l) = 7*l**2 - 13*l + 9. What are the prime factors of v(y)?
7, 17
Let g(p) be the third derivative of 5*p**4/6 + 331*p**3/6 - 6*p**2 + 2. List the prime factors of g(19).
3, 79
Let t(y) = -6*y**2 + 1. Let a be t(1). Let q(f) be the second derivative of -f**5/20 - f**4/12 + f**3/6 + 6*f**2 + 4248*f. What are the prime factors of q(a)?
107
Let h(g) = g**3 + 4*g**2 - 5*g + 2. Let f be h(-5). Let j = 69 - 65. List the prime factors of 9/2*j/f.
3
Suppose -1144262 - 1547316 = -193*s. What are the prime factors of s?
2, 19, 367
Suppose 0*q - 322 = s + 2*q, -3*q = 4*s + 1308. Let m be (-2)/(-6) + s/18. What are the prime factors of (-669)/(-9) + (-12)/m?
3, 5
Suppose -4*h + 3*c + 119687 = 0, -h + 47*c - 42*c = -29926. What are the prime factors of h?
29921
Suppose -q - 3*f = -4*f, 0 = 4*q - 3*f. Suppose -c + 3*p + 2 = 0, q*p + 8 = 4*c - 5*p. Suppose 3*w - 128 = c*o + 37, 5*o = w - 42. List the prime factors of w.
3, 19
Let r(f) = -92*f + 1539. List the prime factors of r(-52).
6323
Let v(z) = -3*z**3 - 19*z**2 + 56*z + 308. What are the prime factors of v(-18)?
2, 5, 7, 19
What are the prime factors of (4/(-3) - (-3737212)/102)*4/8?
7, 2617
Let w be (913 - (-12)/(-2)) + (0 - -1). Suppose 103 = 3*z - w. What are the prime factors of z?
337
Let r(i) = -31064*i**3 - 8*i**2 - 18*i - 9. List the prime factors of r(-1).
3, 5, 19, 109
Let f(a) = a**2 + 6*a - 5. Let z be f(-8). Let y(k) = 42*k - 108. What are the prime factors of y(z)?
2, 3, 59
Suppose -1889 = -m - 455. What are the prime factors of m?
2, 3, 239
Let o be 3 + 6 - (1 - -4). Suppose 0 = -o*v - u - 41, -2*v - 9*u + 4*u = 25. Let i = v - -198. What are the prime factors of i?
2, 47
Let x be -3 + 3 + (-3 - 0 - 0). List the prime factors of ((-3)/3 + x - -1) + 419.
2, 13
Suppose -2*w + 4632 + 1368 = -11964. What are the prime factors of w?
2, 3, 499
Suppose 4*f = -4*z + 88560, 0 = 5*f + 32*z - 36*z - 110727. What are the prime factors of f?
3, 11, 61
Let o be 21/(-63) + 43/3. What are the prime factors of (o*5)/((-108)/(-810))?
3, 5, 7
Suppose 653*z - 649*z - 48347 = -3*a, 3*z + 3*a = 36255. List the prime factors of z.
2, 3023
Let s = -4857 - -32364. List the prime factors of s.
3, 53, 173
Suppose r + 3*x + 15149 = 73814, 234621 = 4*r - x. List the prime factors of r.
2, 3, 13, 47
Let b = 10 + 7. Suppose -4067 = -b*t + 10*t. Suppose 5*q - 240 = -3*o + 197, 5*q = -4*o + t. What are the prime factors of o?
2, 3
Let w(c) be the first derivative of 33*c**2/2 + 46*c - 53. List the prime factors of w(13).
5, 19
Suppose 2*k = 5*o - 0*o - 9652, -o + 5*k = -1912. Suppose -31*j + 27*j = -o. List the prime factors of j.
3, 7, 23
Suppose 54 = 5*s + 14. Suppose 4*k - s = -0. Suppose 0 = k*l - 5*j + 3*j - 28, -5*j - 10 = 0. List the prime factors of l.
2, 3
Suppose -5*d = 3*l - 185, 0 = -d - l + 5*l + 37. Let b = d - 35. Suppose -b*m + 251 = -t, 0*m = -m - 2*t + 133. List the prime factors of m.
127
Let d = -2142 - -1185. Let z = -637 - d. List the prime factors of z.
2, 5
Let c = 35132 + 5404. What are the prime factors of c?
2, 3, 563
Suppose -6*r + 37 + 11 = 0. Suppose -2*k + 1228 = -5*b + 328, 0 = -4*b - r. List the prime factors of k.
5, 89
Suppose -3190 = 4*y - 5*j, 3*j - 8 = 7*j. Let h = y + 1273. What are the prime factors of h?
11, 43
Let y(w) = 426*w**3 + 7*w**2 - 19*w + 11. List the prime factors of y(4).
31, 881
Let i(z) = 60*z**2 + 101*z - 204. List the prime factors of i(-36).
2, 3, 5, 7, 11
Suppose 2*p - 31 = 3*o - 82, 54 = 4*o + 2*p. Let q be (-4)/(0 - 12/o). Suppose -503 = -2*i + 3*f, 0 = -q*i - 4*f + 997 + 249. What are the prime factors of i?
2, 5
Let s(x) = x**2 - 56 + 0*x**2 - 6*x**3 + 4*x - 3*x + 53. Let z be s(2). What are the prime factors of 133/3 + 1 - 30/z?
2, 23
Let q = -11414 - -19687. List the prime factors of q.
8273
Suppose o - 2*h = -3*h + 5, -o + 8 = 2*h. Suppose 0 = 5*p - w - 38, 0*w = -o*p - 2*w + 8. Suppose p*l + 428 = 11*l. List the prime factors of l.
107
Suppose -450 = -47*h + 29*h. Suppose 2753 + 7497 = h*m. List the prime factors of m.
2, 5, 41
Let t be (-128)/(-224) + (2 - 1438/(-7)). What are the prime factors of t - 1 - (2/2 - -2)?
2, 3, 17
Suppose 10*q + 6976 = -46264. What are the prime factors of 40/(-140) + q/(-14)?
2, 5, 19
Let y(m) = -950*m - 303. What are the prime factors of y(-3)?
3, 283
Suppose 0 = -3*l + 147*l - 580752. List the prime factors of l.
37, 109
Let v = -25654 + 57083. List the prime factors of v.
53, 593
Suppose 672*y = 717*y - 1415689 + 155869. What are the prime factors of y?
2, 3, 2333
Suppose -73*o + 76*o - 103927 = 4*m, 4*m + 138576 = 4*o. What are the prime factors of o?
34649
Let g(t) = -7*t**3 + 87*t**2 - 17*t - 69. List the prime factors of g(-16).
3, 5683
Suppose -7*l + 4*l + 18 = 0. Suppose -18 = -4*v + l. Suppose -67 - 245 = -v*b. What are the prime factors of b?
2, 13
Suppose -93*w + 654282 = -380157. List the prime factors of w.
7, 227
Let w be (2 - (-10)/4)*(-1 - -2563). Suppose -2499 = 21*m - w. What are the prime factors of m?
2, 5, 43
Let t be (-24)/(-2)*(92/(-16) - -6). Suppose t*z + 101 = 488. What are the prime factors of z?
3, 43
Suppose -17*j = -8*j - 162. Suppose j*t - 11*t = 2359. List the prime factors of t.
337
Let m(l) = l**3 + 3*l**2 + 15*l + 127. What are the prime factors of m(18)?
19, 379
Let r = -4132 + 4317. What are the prime factors of r?
5, 37
Let s(a) be the first derivative of 2*a**3/3 + 11*a**2 - 21*a + 3. Let d be s(-18). Let q = d - 131. What are the prime factors of q?
2, 5
Suppose 40*b - 64*b = -2280. List the prime factors of b.
5, 19
Let q(w) = -50*w**3 - 124*w**2 - 739*w - 16. List the prime factors of q(-6).
2, 19, 283
Let b = 15445 - -48004. What are the prime factors of b?
67, 947
Suppose -32*x + 43157 =